mon divisor of 325 and p.
13
Let f(q) = 11*q**2 + 4*q + 63. Let x be f(9). Calculate the highest common divisor of x and 220.
110
Let n(j) = j - 8. Let p be n(18). Let o be 42*(0 - -5)/(p/12). Calculate the greatest common factor of o and 36.
36
Let y(p) = p**3 + 16*p**2 + 2*p + 35. Let b be y(-16). Let j be (28/b)/((-5)/(-45)). What is the greatest common divisor of j and 24?
12
Let y = 77 - 56. Suppose 5 + 1 = 2*q. What is the greatest common factor of q and y?
3
Suppose -3*n = 3 - 12. Let y(b) = 2*b**2 - 90*b + 427. Let a be y(5). What is the greatest common divisor of a and n?
3
Let m = 474 - 270. Calculate the greatest common factor of m and 51.
51
Suppose -15*t = -19*t + 64. Calculate the highest common divisor of t and 56.
8
Suppose 18*b + 6932 = 22*b - 5*m, 0 = b + 2*m - 1720. What is the greatest common divisor of 54 and b?
54
Let y be 4/((8/(-16))/1) + 11. Suppose -3*a - 3*z = a - 96, 2*a - 3*z - 48 = 0. Calculate the highest common factor of a and y.
3
Let n = 1 - -2. Suppose -j + l = -10, 4*l + 5 = n*j - 24. Suppose 2*y + 4*u = 174, -5*y - 4*u = -273 - 198. Calculate the greatest common divisor of j and y.
11
Suppose 2*i - 6*i + 8 = 0. Let s(c) = -c + 2. Let a be s(i). Suppose a = -2*u - 4*b + 4, 3*u + 3*b = 4*u - 7. Calculate the highest common factor of 4 and u.
4
Let p(n) = n**3 - 17*n**2 + 24*n - 20. Suppose 55 - 23 = 2*y. Let s be p(y). Calculate the greatest common factor of s and 162.
54
Let p = -3 + 7. Suppose -10 = 2*z - p*z + 3*n, 3*z + n = 15. Suppose z*u = 36 + 74. Calculate the highest common factor of 11 and u.
11
Let b be (1/4 - 127/(-4)) + 3. Suppose 0 = -4*y + 48 + 8. What is the highest common factor of y and b?
7
Suppose 3*z + 2*z - 35 = -5*r, -5*z = -4*r - 17. Let t be (-17 + 1)/(1 - (-2 + z)). What is the greatest common factor of t and 20?
4
Let n be (-27 + 0)*4/(-6). Suppose 16 = -7*g + 44. Let x be (g*-5)/(1/((-36)/8)). What is the greatest common divisor of n and x?
18
Suppose -h = -247 + 39. Suppose -6*i + h = -2*i. Suppose 0 = -2*y - 2*y + 4*x + i, -2*x + 8 = 0. Calculate the greatest common factor of y and 136.
17
Suppose -12*u + 281 = 53. What is the highest common factor of u and 38?
19
Let j = -371 - -389. What is the greatest common factor of 558 and j?
18
Let f(q) = -2*q**2 + 15*q + 10. Let s be f(7). Suppose -158 = -4*x - 2*c - 0*c, x = -5*c + s. Calculate the greatest common factor of 168 and x.
42
Let w be 2/12 - 429/(-18). Suppose 0 = 3*t - 3*r - 105, -5*t + 154 = 4*r - 30. What is the highest common factor of t and w?
12
Suppose -221 + 4253 = -14*s. Let v be (4/2)/(-10) - s/40. Calculate the highest common divisor of v and 35.
7
Let r be 147/3 + -2 + 1. Let g be 250/30 + -9 + 50/3. What is the greatest common divisor of g and r?
16
Suppose 4*w = -3*h + 37, 0 = -w - h - 2 + 10. Let y = 32 - w. Calculate the highest common factor of 114 and y.
19
Suppose 85*w + 45 = 88*w. What is the highest common divisor of w and 165?
15
Let x(v) = 7*v - 19. Suppose 0 = -5*n + 14 + 1. Suppose -3 = o - 5*c, -17 - 22 = -3*o + n*c. Let t be x(o). What is the greatest common factor of 20 and t?
20
Suppose b - 470 = -2*p, 2*p + 5*b - 474 = 6*b. What is the greatest common divisor of p and 59?
59
Let a be (3/(-6))/(3435/1720 - 2). What is the greatest common factor of 43 and a?
43
Let a be 11 - (-69 + 3 + -9). What is the highest common divisor of a and 1?
1
Let m = 32 - 10. Suppose 5*g - m = 3. Suppose -3*r = -3*f - 39, -5*f - 41 = -g*r + 2*r. What is the highest common divisor of 6 and r?
6
Suppose 82 - 12 = 7*v. Let g(d) = 4*d**2 - 7*d + 5. Let x be g(5). What is the highest common factor of x and v?
10
Let n = -133 + 243. Calculate the greatest common divisor of 20 and n.
10
Suppose -3*s + 1135 = 2*h, -34 = 4*h - 42. Calculate the highest common factor of 58 and s.
29
Let z(g) = 2*g**2 + 23*g - 64. Let y be z(-14). Calculate the highest common divisor of y and 6.
6
Suppose 0*y = 5*y - 10. Suppose 0*n + 2*n = -3*i + 176, 8 = 4*i. Suppose -n - 19 = -y*o. What is the highest common factor of 78 and o?
26
Let h be 4 + (-8 + 7)*-2. What is the greatest common divisor of 582 and h?
6
Suppose -3*m + 3*u + 21 = 0, 4*m + 0 = u + 31. Let l be m + 0 + 7/7. Calculate the highest common divisor of 63 and l.
9
Let n be (-243)/162 + 637/14. Let f = -21 - -32. Calculate the highest common divisor of n and f.
11
Let f be (6/4*-2*-5)/3. Let w be -2 - -1 - -25 - -1. Calculate the highest common factor of w and f.
5
Suppose 3*w - o = w + 27, 2 = 2*o. Calculate the highest common divisor of w and 14.
14
Suppose -6*l = -4*l - 186. Let s = 327 - l. Calculate the greatest common divisor of 26 and s.
26
Let i(y) = 2*y**3 - y**2 + 6*y - 3. Let s be i(4). What is the highest common factor of s and 28?
7
Suppose 3*f + 0*b = -5*b + 2, 6 = 4*f + 5*b. Suppose 0 = r - f - 1. Let d(s) = -s + 7. Let m be d(r). What is the highest common divisor of 1 and m?
1
Suppose -13*i = -11*i - 24. Let p be 2 - -1 - -3 - -2. Suppose -20 = -4*q, 0 = 3*s + 3*q - p*q - 371. What is the greatest common divisor of s and i?
12
Let q = -1672 + 1903. What is the greatest common factor of q and 35?
7
Suppose w + 153 - 41 = 0. Let h = w + 117. Calculate the greatest common divisor of h and 5.
5
Let z(v) = -24*v + 11. Let q be z(-6). Let h = -101 - -163. What is the highest common factor of h and q?
31
Let y(h) = 12*h + 14. Let w be y(-4). Let r = w + 47. What is the highest common factor of r and 13?
13
Suppose -2*h = -4*v + 6, -2 = -h - 1. Let z be -4 + 44 - 0/v. Let y be (10/(-4))/((-1)/4). Calculate the greatest common factor of z and y.
10
Let u(o) = -o**3 + 8*o**2 + o - 2. Let g(j) = -j - j**3 + 0*j + j**2 + 3*j. Let l be g(-2). Let s be u(l). What is the greatest common factor of s and 66?
6
Suppose 29*s + 6570 = 39*s. Calculate the greatest common divisor of 9 and s.
9
Suppose -2*k + 77 = 3*u, 6*u - 2*k = u + 107. Let t be ((-2832)/2)/(-6) + 26 + -32. Calculate the greatest common factor of u and t.
23
Suppose 5*p - 3*p - 50 = -2*a, 65 = 2*p + 5*a. Suppose 44*b - 416 - 24 = 0. Calculate the highest common factor of b and p.
10
Suppose 381 = -5*o + 416. Calculate the highest common factor of o and 9.
1
Suppose 748 = 11*p + 11*p. What is the highest common divisor of 187 and p?
17
Suppose -3*a + 0*a + 746 = 2*m, 3*a + 4*m - 736 = 0. Calculate the greatest common divisor of a and 72.
36
Let s be 1 + 3105 - (-468)/(-78). What is the highest common factor of s and 100?
100
Suppose 11*q - 155 + 89 = 0. Calculate the highest common factor of q and 56.
2
Let t be (-1326)/21*(-5 - -19)/(-2). What is the greatest common divisor of 26 and t?
26
Suppose 790 - 1546 = -9*s. What is the greatest common divisor of s and 150?
6
Let b be (615/(-105) + 5)/((-1)/28). Calculate the greatest common divisor of 2424 and b.
24
Let v(t) = -2*t**3 + 7*t**2 + 2*t - 6. Let x be v(6). Let c be (-5)/(-10) + x/(-4). Let r = 99 - c. What is the highest common factor of 5 and r?
5
Suppose -221*j + 220*j = -5. What is the highest common divisor of 85 and j?
5
Let g(n) = 9*n**2 + 67*n - 134. Let s be g(2). Calculate the greatest common divisor of s and 44.
4
Let n be 21/(-49) + (-3)/21*-311. What is the greatest common factor of n and 12?
4
Suppose 4*h - 48 - 12 = 0. Suppose h*g = g + 1764. What is the greatest common factor of g and 28?
14
Suppose -2*w = -0*w. Let z(d) = 97*d**2 + d + 2. Let s be z(-2). Suppose -5*b + s + 32 = w. Calculate the highest common divisor of b and 21.
21
Let n(u) = 22*u**3 + u**2 + u - 1. Let l be (9/6)/((-6)/16). Let r = l - -5. Let w be n(r). What is the greatest common factor of 23 and w?
23
Let o(i) = i**2 - 9*i + 22. Let r be o(0). Let b be (-4)/(-2) + 40/2. Calculate the highest common divisor of r and b.
22
Let n(v) = -2*v**3 - 4*v**2 - 8*v - 6. Let t be n(-4). What is the greatest common factor of t and 20?
10
Let v(c) = -c**2 + 28*c - 5. Let b = -78 - -105. Let f be v(b). Calculate the highest common factor of 2 and f.
2
Let h be (-4)/(-18) + (-4)/18. Suppose h = i - 0*i - 18. Suppose -2*j = -3*v - 30, -2*v = -4*j - 3*v + 74. What is the highest common divisor of j and i?
18
Let c(r) = -r**2 + 7*r - 3. Let b be c(3). Suppose -187*h + 2178 = -66*h. Calculate the greatest common divisor of h and b.
9
Let b(h) = h**2 + 4*h + 5. Let k be b(6). Suppose 0 = 3*t